{"id":321,"date":"2020-10-05T14:33:29","date_gmt":"2020-10-05T12:33:29","guid":{"rendered":"https:\/\/guitare.csvennes.fr\/?page_id=321"},"modified":"2023-09-09T14:27:24","modified_gmt":"2023-09-09T12:27:24","slug":"les-ateliers-guitare-du-centre-social-des-vennes","status":"publish","type":"page","link":"https:\/\/guitare.csvennes.fr\/","title":{"rendered":"Les ateliers guitare du centre social des Vennes"},"content":{"rendered":"\n<figure class=\"wp-block-image size-large\"><img decoding=\"async\" loading=\"lazy\" width=\"1024\" height=\"725\" src=\"https:\/\/guitare.csvennes.fr\/wp-content\/uploads\/2023\/09\/projet-1024x725.jpg\" alt=\"\" class=\"wp-image-445\" srcset=\"https:\/\/guitare.csvennes.fr\/wp-content\/uploads\/2023\/09\/projet-1024x725.jpg 1024w, https:\/\/guitare.csvennes.fr\/wp-content\/uploads\/2023\/09\/projet-85x60.jpg 85w, https:\/\/guitare.csvennes.fr\/wp-content\/uploads\/2023\/09\/projet-300x212.jpg 300w, https:\/\/guitare.csvennes.fr\/wp-content\/uploads\/2023\/09\/projet-768x544.jpg 768w, https:\/\/guitare.csvennes.fr\/wp-content\/uploads\/2023\/09\/projet-1536x1088.jpg 1536w, https:\/\/guitare.csvennes.fr\/wp-content\/uploads\/2023\/09\/projet.jpg 1635w\" sizes=\"(max-width: 1024px) 100vw, 1024px\" \/><\/figure>\n\n\n\n<p>Ci-dessus, le projet tel qu&rsquo;il est aujourd&rsquo;hui.<\/p>\n\n\n\n<p><\/p>\n\n\n\n<div class=\"wp-block-group is-layout-flow wp-block-group-is-layout-flow\"><div class=\"wp-block-group__inner-container\">\n<p><\/p>\n<\/div><\/div>\n\n\n\n<p>Notre r\u00e9pertoire comporte des musiques traditionnelles irlandaises, d&rsquo;Am\u00e9rique du Sud, de la vari\u00e9t\u00e9 fran\u00e7aise et internationale, des musiques de film, &#8230; Nous pouvons aussi parfois chanter. R\u00e9gis est \u00e0 l&rsquo;\u00e9coute des envies de chacun, il ne faut pas h\u00e9siter \u00e0 proposer de nouvelles choses &#x1f609;<\/p>\n\n\n\n<p>Les morceaux que nous interpr\u00e9tons comportent la m\u00e9lodie, les arp\u00e8ges, les accords et la basse.<\/p>\n\n\n\n<p>Nous recherchons un\/des bassiste(s) et des guitaristes ayant d\u00e9j\u00e0 une certaine pratique de la guitare pour <strong>le groupe de 18h15 \u00e0 19h30<\/strong>. Les novices et tr\u00e8s d\u00e9butants trouveront leur place \u00e0 l<strong>&lsquo;initiation de 16h45 \u00e0 17h30<\/strong>, alors que ceux qui commencent \u00e0 se d\u00e9brouiller un peu pourront suivre le groupe<strong> interm\u00e9diaire de 17h30 \u00e0 18h15<\/strong>.<\/p>\n\n\n\n<p>Au plaisir de partager du bon temps en musique avec vous.<\/p>\n\n\n\n<figure class=\"wp-block-image\"><a href=\"https:\/\/guitare.csvennes.fr\/?page_id=354\"><img decoding=\"async\" loading=\"lazy\" width=\"612\" height=\"444\" src=\"https:\/\/guitare.csvennes.fr\/wp-content\/uploads\/2023\/09\/news.png\" alt=\"\" class=\"wp-image-470\" srcset=\"https:\/\/guitare.csvennes.fr\/wp-content\/uploads\/2023\/09\/news.png 612w, https:\/\/guitare.csvennes.fr\/wp-content\/uploads\/2023\/09\/news-300x218.png 300w, https:\/\/guitare.csvennes.fr\/wp-content\/uploads\/2023\/09\/news-83x60.png 83w\" sizes=\"(max-width: 612px) 100vw, 612px\" \/><\/a><\/figure>\n","protected":false},"excerpt":{"rendered":"<p>Ci-dessus, le projet tel qu&rsquo;il est aujourd&rsquo;hui. Notre r\u00e9pertoire comporte des musiques traditionnelles irlandaises, d&rsquo;Am\u00e9rique du Sud, de la vari\u00e9t\u00e9 fran\u00e7aise et internationale, des musiques &hellip; <\/p>\n","protected":false},"author":2,"featured_media":0,"parent":0,"menu_order":0,"comment_status":"closed","ping_status":"closed","template":"","meta":{"footnotes":""},"_links":{"self":[{"href":"https:\/\/guitare.csvennes.fr\/index.php?rest_route=\/wp\/v2\/pages\/321"}],"collection":[{"href":"https:\/\/guitare.csvennes.fr\/index.php?rest_route=\/wp\/v2\/pages"}],"about":[{"href":"https:\/\/guitare.csvennes.fr\/index.php?rest_route=\/wp\/v2\/types\/page"}],"author":[{"embeddable":true,"href":"https:\/\/guitare.csvennes.fr\/index.php?rest_route=\/wp\/v2\/users\/2"}],"replies":[{"embeddable":true,"href":"https:\/\/guitare.csvennes.fr\/index.php?rest_route=%2Fwp%2Fv2%2Fcomments&post=321"}],"version-history":[{"count":7,"href":"https:\/\/guitare.csvennes.fr\/index.php?rest_route=\/wp\/v2\/pages\/321\/revisions"}],"predecessor-version":[{"id":474,"href":"https:\/\/guitare.csvennes.fr\/index.php?rest_route=\/wp\/v2\/pages\/321\/revisions\/474"}],"wp:attachment":[{"href":"https:\/\/guitare.csvennes.fr\/index.php?rest_route=%2Fwp%2Fv2%2Fmedia&parent=321"}],"curies":[{"name":"wp","href":"https:\/\/api.w.org\/{rel}","templated":true}]}}

<figure class="wp-block-image size-large"><img decoding="async" loading="lazy" width="1024" height="725" src="https://guitare.csvennes.fr/wp-content/uploads/2023/09/projet-1024x725.jpg" alt="" class="wp-image-445" srcset="https://guitare.csvennes.fr/wp-content/uploads/2023/09/projet-1024x725.jpg 1024w, https://guitare.csvennes.fr/wp-content/uploads/2023/09/projet-85x60.jpg 85w, https://guitare.csvennes.fr/wp-content/uploads/2023/09/projet-300x212.jpg 300w, https://guitare.csvennes.fr/wp-content/uploads/2023/09/projet-768x544.jpg 768w, https://guitare.csvennes.fr/wp-content/uploads/2023/09/projet-1536x1088.jpg 1536w, https://guitare.csvennes.fr/wp-content/uploads/2023/09/projet.jpg 1635w" sizes="(max-width: 1024px) 100vw, 1024px" /></figure>



<p>Ci-dessus, le projet tel qu&rsquo;il est aujourd&rsquo;hui.</p>



<p></p>



<div class="wp-block-group is-layout-flow wp-block-group-is-layout-flow"><div class="wp-block-group__inner-container">
<p></p>
</div></div>



<p>Notre répertoire comporte des musiques traditionnelles irlandaises, d&rsquo;Amérique du Sud, de la variété française et internationale, des musiques de film, &#8230; Nous pouvons aussi parfois chanter. Régis est à l&rsquo;écoute des envies de chacun, il ne faut pas hésiter à proposer de nouvelles choses &#x1f609;</p>



<p>Les morceaux que nous interprétons comportent la mélodie, les arpèges, les accords et la basse.</p>



<p>Nous recherchons un/des bassiste(s) et des guitaristes ayant déjà une certaine pratique de la guitare pour <strong>le groupe de 18h15 à 19h30</strong>. Les novices et très débutants trouveront leur place à l<strong>&lsquo;initiation de 16h45 à 17h30</strong>, alors que ceux qui commencent à se débrouiller un peu pourront suivre le groupe<strong> intermédiaire de 17h30 à 18h15</strong>.</p>



<p>Au plaisir de partager du bon temps en musique avec vous.</p>



<figure class="wp-block-image"><a href="https://guitare.csvennes.fr/?page_id=354"><img decoding="async" loading="lazy" width="612" height="444" src="https://guitare.csvennes.fr/wp-content/uploads/2023/09/news.png" alt="" class="wp-image-470" srcset="https://guitare.csvennes.fr/wp-content/uploads/2023/09/news.png 612w, https://guitare.csvennes.fr/wp-content/uploads/2023/09/news-300x218.png 300w, https://guitare.csvennes.fr/wp-content/uploads/2023/09/news-83x60.png 83w" sizes="(max-width: 612px) 100vw, 612px" /></a></figure>

<p>Ci-dessus, le projet tel qu&rsquo;il est aujourd&rsquo;hui. Notre répertoire comporte des musiques traditionnelles irlandaises, d&rsquo;Amérique du Sud, de la variété française et internationale, des musiques &hellip; </p>
